7. Suppose -4*v = -3*m - j - 1716, -2*m = -v + 531. Is v a composite number?
True
Is 4/26 + ((-278845)/(-65))/7 a prime number?
True
Suppose -y - 124 + 556 = 0. Let g = 623 - y. Is g a composite number?
False
Let h(q) = 72*q**2 + 6*q + 4. Let a be h(-6). Let r = -1645 + a. Suppose 2*l = -3*l + r. Is l a prime number?
False
Let r(g) = 2*g - 18. Let a be r(12). Suppose f - a*f - 795 = -5*i, 2*i = f + 320. Let m = i - -30. Is m prime?
True
Let i = -2 - -5. Suppose 11*m - 8*m - i = 0. Let z = 87 - m. Is z prime?
False
Is 2/10 + -8 + 3133284/105 a composite number?
False
Let t(p) be the third derivative of 13*p**7/840 + p**6/240 + p**5/120 - 5*p**4/12 + 3*p**2. Let a(x) be the second derivative of t(x). Is a(2) prime?
True
Suppose -4*a = -7*a. Suppose -4*m + m + 6 = a. Suppose 0 = m*b + 2*b - 124. Is b composite?
False
Let l = -69 + 71. Is 2 - (l + 2095/(-5)) composite?
False
Let n be (807*2/(-30))/((-2)/10). Suppose u + 5*r - 1005 = n, 5051 = 4*u + 5*r. Is u a composite number?
False
Let v = 1 + 1. Suppose v*m + m + 12 = -p, -5*p - 2*m + 5 = 0. Is p + 204 - (-8)/2 prime?
True
Let b = -4 + 5. Is (-2)/(8/(-1636))*1*b composite?
False
Suppose -3*w - 3*v - 84 = 0, 7*v - 4*v + 132 = -5*w. Let s = w + 245. Is s composite?
True
Let y be 195/45 + (-4)/(-6). Suppose y*z - 1455 = 2*z. Is z a prime number?
False
Suppose -3*s = -9, 0 = 2*o + s - 6*s + 7. Let r = 9 - o. Suppose -423 + 78 = -r*a. Is a composite?
True
Suppose -3*f - 273 = -3*h + 60, -4*f = h - 126. Is 89699/h + (-1)/(-6) prime?
True
Let b(i) = -839*i + 1. Let t be b(-1). Suppose 2*p - t = -4*u + 2140, -5*u + 2*p = -3725. Is u prime?
False
Let y(f) = 3*f**2 - 15*f + 6. Let z be y(4). Is (148/6)/(z/(-18)) composite?
True
Is (8 + (-24)/6 + -3)*6779 a prime number?
True
Suppose -5*x = 7 + 3. Is (-1)/(x*(-2)/(-44)) prime?
True
Suppose k = 2 + 261. Suppose 0 = -m - 3*y - 0*y + k, 3*y + 741 = 3*m. Is m composite?
False
Let x = 5 - 11. Let u = 9 + x. Is (-69)/(-9)*u/1 a composite number?
False
Let i(w) = -2*w - 2. Let t be i(-2). Suppose -t*m = -4 - 0. Suppose 3*v = -m*v + 830. Is v composite?
True
Suppose 0 = 4*s - 9*s + 15. Suppose s*b - 2*j - 2 = -3*j, 3*j = -3*b - 6. Suppose 61 = n + b*o - o, -3*n + 3*o + 207 = 0. Is n composite?
True
Let u(y) be the second derivative of -y**5/20 - 3*y**4/4 - 2*y**3 - 17*y**2/2 - 5*y. Is u(-10) a composite number?
True
Let o = -42 + 42. Is (o - (-679)/5)*5 composite?
True
Let j = -36 - -38. Suppose 2*d - 4*t + 4 = 0, 0 = 2*d + j*d - 3*t - 7. Suppose -x + 619 = q + 3*x, d*x + 1286 = 2*q. Is q a composite number?
True
Suppose -96 = -4*k - l, -l + 28 = 2*k - 20. Suppose 7*b - k = 4*b. Suppose -852 = 4*s - b*s. Is s prime?
False
Suppose 4*n + w - 4*w - 1351 = 0, n - 329 = -w. Suppose -6*t + 5*t + n = 0. Is t a prime number?
False
Suppose 2*w + 3372 = 2*s + 7*w, -4*s + 6718 = -3*w. Suppose 2*y + s = 3*f, -f + 552 = -0*f + y. Is f composite?
False
Let b be (-6 - 207/27)*9*22. Let n = -529 - b. Is n a prime number?
False
Let q(w) = -w**3 + 23*w**2 + 39*w - 23. Is q(16) prime?
True
Let p = 13208 - 8587. Is p prime?
True
Let o(n) = 57*n**2 + 219*n - 29. Is o(-15) a prime number?
True
Let w be 25160/(-111) - (-8)/(-6). Let b(g) = -136*g**3 - g**2. Let l be b(1). Let x = l - w. Is x prime?
False
Let n(m) = -m**2 + 14*m - 19. Let h be n(13). Is (-2)/(-4) + (-4431)/h composite?
False
Suppose 0 = 4*b - 16. Suppose 0 = 4*m, -14003 = -b*k - m - 3175. Is k composite?
False
Suppose -5*p + 3459 = 4*l - 2854, -2*p + l + 2520 = 0. Is p prime?
False
Suppose -2*n + 4*u = -2642, -5*u = n - 6*n + 6590. Is n prime?
False
Suppose 0 = -6*j + 48087 - 14721. Is j a prime number?
False
Let y(u) = 29*u + 3. Let m(d) = 87*d + 9. Let k(s) = -3*m(s) + 8*y(s). Let l(r) = 2*r**2 - 23*r + 20. Let j be l(10). Is k(j) composite?
True
Let f be (-2 + 4/3)*-3. Suppose 4*t + f*r - 9 = 3*r, 4 = t - 2*r. Suppose -3*h + 3415 = t*h. Is h composite?
False
Suppose -504 = -9*c + 837. Is c composite?
False
Let c(r) = -24*r**3 - r**2 - 5*r**2 + 3*r**2 - 4*r. Let d(x) = -4*x - 171. Let v be d(-42). Is c(v) a prime number?
False
Let t(b) = -406*b**3 + 3*b**2 - 6*b - 9. Is t(-2) a composite number?
True
Let a(h) be the first derivative of h**4/4 + 5*h**3/3 - 4*h**2 - 9*h + 12. Is a(-5) a composite number?
False
Is 10 - (-6395502)/54 - 6/27 prime?
False
Let w(s) = 82*s - 47. Is w(14) prime?
False
Let m be (-26)/(-4) + 1/2. Is (m/(-3))/((-5)/435) prime?
False
Is 29732395/154 + (-2)/4 composite?
True
Let p(t) = 5*t**2 + t. Let v be p(1). Let a be (-10)/(0 + 3/v). Is (-8068)/a + (-6)/15 composite?
True
Suppose 0 = -2*u - 0*w + 3*w + 3727, -3 = w. Suppose u + 217 = 6*s. Let c = s + -197. Is c composite?
False
Let o(s) = s**3 - 2*s**2 - 11*s + 5. Let f(g) = -g**2 + 8*g - 6. Let h be f(6). Is o(h) composite?
False
Let w(z) = -9*z - 2 - 2 + 1. Let n = -91 + 87. Is w(n) a composite number?
True
Is (45/10 - (4 + -5))*254 prime?
False
Suppose -2*c - 70 = -7*c. Let m be 9/63 - (-8174)/c. Let d = m - 373. Is d prime?
True
Suppose -3*q = o - 2744, 0 = -3*q + 4*o + 646 + 2103. Suppose -f = -298 - q. Is f a prime number?
True
Suppose l + 4*l = -550. Let q = l + 271. Is q a prime number?
False
Let p(u) = -7*u - 4. Let m be p(3). Let o = -23 - m. Is 2134/6 - o/3 prime?
False
Let v be -1 - (4 + -7) - -1. Suppose z = 4*z - 5*x - 2, 0 = 2*z + x + v. Is (-3 - z)/(2/(-1259)) a prime number?
True
Let z(o) = -2*o**2 + 11*o + 8. Let k be z(6). Suppose k*t - 2815 = c, -5*t - c + 2805 = -3*t. Is t a prime number?
False
Let q = -38 - -71. Suppose -35*t = -q*t - 1906. Is t a prime number?
True
Let a = -21 + 12. Let k(r) = -15*r**3 - 17*r**2 - 11*r + 5. Let f(g) = 4*g**3 + 4*g**2 + 3*g - 1. Let i(s) = a*f(s) - 2*k(s). Is i(-4) a composite number?
True
Let f(p) = 2*p**2 + 12*p - 13. Let d(h) = h**2 - 14*h + 8. Let g be d(14). Is f(g) a composite number?
False
Let t(r) = -r + 18. Let m be t(13). Suppose 3*z + 4090 = m*z. Is z a composite number?
True
Suppose 20*d = 17*d + 12, 5*a - 3*d - 6443 = 0. Is a a composite number?
False
Is 7*(2913250/550 - (-2)/11) composite?
True
Let a(f) = -6*f**2 + 2*f - 18*f**2 + 21 + 3*f - f**3. Is a(-25) a prime number?
True
Let c be (3 + -3)/(1*-2). Suppose 3*m = -c*m + 6. Suppose -2*u + 108 = -3*p + p, 0 = -m*u + p + 105. Is u composite?
True
Let c = -316 - -2151. Is c a prime number?
False
Suppose -5*y - l - 2*l = -130, -y - 2*l = -26. Suppose -j = j - y. Is j a composite number?
False
Let f be (6/(-12))/((-2)/(-16)). Let i = 3 - f. Let v(b) = b**2 - 2*b - 9. Is v(i) a composite number?
True
Suppose -13*d = -10*d - 327. Let y = d - -578. Is y a composite number?
True
Let m(f) = 4*f**2 + 77*f - 61. Is m(-28) a prime number?
True
Suppose d = -3*d - 52. Let m(b) be the second derivative of -10*b**3/3 + 3*b**2/2 - 3*b. Is m(d) a prime number?
True
Is 52389/6*1*8/12 composite?
False
Let x be 6/(-9) + (-5)/(-3). Let n be 59 - (4/(-2) + x). Is n/(-75)*70/(-4) prime?
False
Let n = 2507 - 1108. Is n prime?
True
Let v(f) = 213*f**2 - 2 + 0 + f + 1. Let z = -87 - -88. Is v(z) composite?
True
Let l(j) be the second derivative of -j**3/6 - 13*j**2/2 - j. Let k be l(-4). Let c = k - -98. Is c prime?
True
Suppose -6 = -4*q + q. Suppose 0 = 5*r - 2*a, 0 = 4*r - q*a + 4*a - 18. Suppose r*k = -3*k + 1795. Is k a composite number?
False
Let l(w) = -10*w - 14. Suppose 3*p + 28 = 10. Is l(p) a prime number?
False
Let f(h) = 3*h**3 + 6*h**2 + 9*h - 5. Suppose 24 = 5*m - m. Is f(m) composite?
True
Suppose -2*k - 2*a + 7210 + 5104 = 0, -4*k + 3*a + 24656 = 0. Is k/4 + 54/72 prime?
False
Suppose -i + 3*d + 5 = -2, 8 = 3*i + 4*d. Suppose -w - w + 186 = i*b, 0 = b + 2. Suppose 5*k = 6*k - w. Is k composite?
False
Let j(k) = -k**3 + k - 1. Let q be j(-2). Let a = 350 - 96. Suppose -o = -q*g + a, 5*o + 76 + 21 = 2*g. Is g a composite number?
True
Suppose m - 36 = -3*m. Let i be 6/m + (-14)/(-6). Is 414 + -1 + i - 3 a composite number?
True
Let m be ((-16)/6)/(17/(-1581)). Let h = 739 - m. Is h composite?
False
Suppose 5*n - 2 = 3*s - 8, -2*n - 18 = 4*s. Let i be n*8/12*-2. Suppose 5*p = 5*w - 170, i*w - 3*p + p - 130 = 0. Is w composite?
False
Suppose 2*a - 5 = 53. Is (a/(-2))/(5/(-370)) a prime number?
False
Let m = -12668 - -23201. Is m prime?
False
Let m(u) = 27*u - 122. Is m(21) prime?
False
Let i(r) = -r**2 + 12*r - 24. Let y be i(8). Sup